{"id":2,"date":"2010-09-23T12:32:57","date_gmt":"2010-09-23T18:32:57","guid":{"rendered":"http:\/\/www.pasonoroeste.com\/blog\/?page_id=2"},"modified":"2023-05-16T08:22:26","modified_gmt":"2023-05-16T07:22:26","slug":"acerca-de","status":"publish","type":"page","link":"https:\/\/www.pasonoroeste.com\/blog\/acerca-de\/","title":{"rendered":"Acerca de"},"content":{"rendered":"<p>Este es el blog de la agencia de viajes Paso Noroeste. Esta agencia naci\u00f3 con la firme intenci\u00f3n de descubrir el mundo de una forma diferente, alejada de los viajes convencionales y tratando de integrarnos en la medida de lo posible con la cultura local. Para ello nos desplazamos siempre que se puede en transporte p\u00fablico local y nos alojamos en peque\u00f1o hoteles de propiedad familiar, aportando as\u00ed nuestro granito de arena en el desarrollo de las peque\u00f1as econom\u00edas del pa\u00eds.<\/p>\n<p>La idea de escribir un\u00a0blog\u00a0surge a ra\u00edz de las numerosas demandas de\u00a0algunos de nuestros m\u00e1s leales\u00a0viajeros que\u00a0desean conocer en detalle nuevos destinos, de abrir una puerta hacia\u00a0esos viajes, donde poder conocer nuevos pa\u00edses, nuevas culturas, ideas, reflexiones, curiosidades y como no, un intercambio de ideas y opiniones sobre todos los destinos que queremos dar a conocer desde aqu\u00ed.<\/p>\n<p>Sobre mi&#8230; algunos me conocer\u00e9is por haber viajado conmigo. Los que no me conoc\u00e9is, deciros que&#8230; bueno, creo que no es f\u00e1cil hablar sobre uno mismo, as\u00ed que mejor nos conocemos en un viaje, \u00bfno? Y si no tenemos la oportunidad, siempre me pod\u00e9is seguir en mi cuenta de Instagram\u00a0<a href=\"http:\/\/www.instagram.com\/alvaroblanchi\/\" target=\"_blank\" rel=\"noopener\">@alvaroblanchi<\/a> donde voy colgando fotos\u00a0cuando estoy de viaje<\/p>\n","protected":false},"excerpt":{"rendered":"<p>Este es el blog de la agencia de viajes Paso Noroeste. Esta agencia naci\u00f3 con la firme intenci\u00f3n de descubrir el mundo de una forma diferente, alejada de los viajes convencionales y tratando de integrarnos en la medida de lo posible con la cultura local. Para ello nos desplazamos siempre que se puede en transporte [&hellip;]<\/p>\n","protected":false},"author":1,"featured_media":0,"parent":0,"menu_order":0,"comment_status":"closed","ping_status":"open","template":"","meta":{"footnotes":""},"yoast_head":"<!-- This site is optimized with the Yoast SEO plugin v24.1 - https:\/\/yoast.com\/wordpress\/plugins\/seo\/ -->\n<title>Acerca de nuestro blog de viajes - Blog Paso Noroeste<\/title>\n<meta name=\"description\" content=\"Conoce un poco m\u00e1s sobre el blog de la Agencia de Viajes de Aventura Paso Noroeste. Descubre nuevos destinos y lugares donde vivir una aventura.\" \/>\n<meta name=\"robots\" content=\"index, follow, max-snippet:-1, max-image-preview:large, max-video-preview:-1\" \/>\n<link rel=\"canonical\" href=\"https:\/\/www.pasonoroeste.com\/blog\/acerca-de\/\" \/>\n<meta property=\"og:locale\" content=\"es_ES\" \/>\n<meta property=\"og:type\" content=\"article\" \/>\n<meta property=\"og:title\" content=\"Acerca de nuestro blog de viajes - Blog Paso Noroeste\" \/>\n<meta property=\"og:description\" content=\"Conoce un poco m\u00e1s sobre el blog de la Agencia de Viajes de Aventura Paso Noroeste. Descubre nuevos destinos y lugares donde vivir una aventura.\" \/>\n<meta property=\"og:url\" content=\"https:\/\/www.pasonoroeste.com\/blog\/acerca-de\/\" \/>\n<meta property=\"og:site_name\" content=\"Blog del Paso Noroeste\" \/>\n<meta property=\"article:publisher\" content=\"https:\/\/www.facebook.com\/pasonoroeste\" \/>\n<meta property=\"article:modified_time\" content=\"2023-05-16T07:22:26+00:00\" \/>\n<meta name=\"twitter:card\" content=\"summary_large_image\" \/>\n<meta name=\"twitter:label1\" content=\"Tiempo de lectura\" \/>\n\t<meta name=\"twitter:data1\" content=\"1 minuto\" \/>\n<script type=\"application\/ld+json\" class=\"yoast-schema-graph\">{\"@context\":\"https:\/\/schema.org\",\"@graph\":[{\"@type\":\"WebPage\",\"@id\":\"https:\/\/www.pasonoroeste.com\/blog\/acerca-de\/\",\"url\":\"https:\/\/www.pasonoroeste.com\/blog\/acerca-de\/\",\"name\":\"Acerca de nuestro blog de viajes - Blog Paso Noroeste\",\"isPartOf\":{\"@id\":\"https:\/\/www.pasonoroeste.com\/blog\/#website\"},\"datePublished\":\"2010-09-23T18:32:57+00:00\",\"dateModified\":\"2023-05-16T07:22:26+00:00\",\"description\":\"Conoce un poco m\u00e1s sobre el blog de la Agencia de Viajes de Aventura Paso Noroeste. Descubre nuevos destinos y lugares donde vivir una aventura.\",\"breadcrumb\":{\"@id\":\"https:\/\/www.pasonoroeste.com\/blog\/acerca-de\/#breadcrumb\"},\"inLanguage\":\"es\",\"potentialAction\":[{\"@type\":\"ReadAction\",\"target\":[\"https:\/\/www.pasonoroeste.com\/blog\/acerca-de\/\"]}]},{\"@type\":\"BreadcrumbList\",\"@id\":\"https:\/\/www.pasonoroeste.com\/blog\/acerca-de\/#breadcrumb\",\"itemListElement\":[{\"@type\":\"ListItem\",\"position\":1,\"name\":\"Portada\",\"item\":\"https:\/\/www.pasonoroeste.com\/blog\/\"},{\"@type\":\"ListItem\",\"position\":2,\"name\":\"Acerca de\"}]},{\"@type\":\"WebSite\",\"@id\":\"https:\/\/www.pasonoroeste.com\/blog\/#website\",\"url\":\"https:\/\/www.pasonoroeste.com\/blog\/\",\"name\":\"Blog del Paso Noroeste\",\"description\":\"Blog de viajes de aventura con Paso Noroeste\",\"potentialAction\":[{\"@type\":\"SearchAction\",\"target\":{\"@type\":\"EntryPoint\",\"urlTemplate\":\"https:\/\/www.pasonoroeste.com\/blog\/?s={search_term_string}\"},\"query-input\":{\"@type\":\"PropertyValueSpecification\",\"valueRequired\":true,\"valueName\":\"search_term_string\"}}],\"inLanguage\":\"es\"}]}<\/script>\n<!-- \/ Yoast SEO plugin. -->","yoast_head_json":{"title":"Acerca de nuestro blog de viajes - Blog Paso Noroeste","description":"Conoce un poco m\u00e1s sobre el blog de la Agencia de Viajes de Aventura Paso Noroeste. Descubre nuevos destinos y lugares donde vivir una aventura.","robots":{"index":"index","follow":"follow","max-snippet":"max-snippet:-1","max-image-preview":"max-image-preview:large","max-video-preview":"max-video-preview:-1"},"canonical":"https:\/\/www.pasonoroeste.com\/blog\/acerca-de\/","og_locale":"es_ES","og_type":"article","og_title":"Acerca de nuestro blog de viajes - Blog Paso Noroeste","og_description":"Conoce un poco m\u00e1s sobre el blog de la Agencia de Viajes de Aventura Paso Noroeste. Descubre nuevos destinos y lugares donde vivir una aventura.","og_url":"https:\/\/www.pasonoroeste.com\/blog\/acerca-de\/","og_site_name":"Blog del Paso Noroeste","article_publisher":"https:\/\/www.facebook.com\/pasonoroeste","article_modified_time":"2023-05-16T07:22:26+00:00","twitter_card":"summary_large_image","twitter_misc":{"Tiempo de lectura":"1 minuto"},"schema":{"@context":"https:\/\/schema.org","@graph":[{"@type":"WebPage","@id":"https:\/\/www.pasonoroeste.com\/blog\/acerca-de\/","url":"https:\/\/www.pasonoroeste.com\/blog\/acerca-de\/","name":"Acerca de nuestro blog de viajes - Blog Paso Noroeste","isPartOf":{"@id":"https:\/\/www.pasonoroeste.com\/blog\/#website"},"datePublished":"2010-09-23T18:32:57+00:00","dateModified":"2023-05-16T07:22:26+00:00","description":"Conoce un poco m\u00e1s sobre el blog de la Agencia de Viajes de Aventura Paso Noroeste. Descubre nuevos destinos y lugares donde vivir una aventura.","breadcrumb":{"@id":"https:\/\/www.pasonoroeste.com\/blog\/acerca-de\/#breadcrumb"},"inLanguage":"es","potentialAction":[{"@type":"ReadAction","target":["https:\/\/www.pasonoroeste.com\/blog\/acerca-de\/"]}]},{"@type":"BreadcrumbList","@id":"https:\/\/www.pasonoroeste.com\/blog\/acerca-de\/#breadcrumb","itemListElement":[{"@type":"ListItem","position":1,"name":"Portada","item":"https:\/\/www.pasonoroeste.com\/blog\/"},{"@type":"ListItem","position":2,"name":"Acerca de"}]},{"@type":"WebSite","@id":"https:\/\/www.pasonoroeste.com\/blog\/#website","url":"https:\/\/www.pasonoroeste.com\/blog\/","name":"Blog del Paso Noroeste","description":"Blog de viajes de aventura con Paso Noroeste","potentialAction":[{"@type":"SearchAction","target":{"@type":"EntryPoint","urlTemplate":"https:\/\/www.pasonoroeste.com\/blog\/?s={search_term_string}"},"query-input":{"@type":"PropertyValueSpecification","valueRequired":true,"valueName":"search_term_string"}}],"inLanguage":"es"}]}},"_links":{"self":[{"href":"https:\/\/www.pasonoroeste.com\/blog\/wp-json\/wp\/v2\/pages\/2"}],"collection":[{"href":"https:\/\/www.pasonoroeste.com\/blog\/wp-json\/wp\/v2\/pages"}],"about":[{"href":"https:\/\/www.pasonoroeste.com\/blog\/wp-json\/wp\/v2\/types\/page"}],"author":[{"embeddable":true,"href":"https:\/\/www.pasonoroeste.com\/blog\/wp-json\/wp\/v2\/users\/1"}],"replies":[{"embeddable":true,"href":"https:\/\/www.pasonoroeste.com\/blog\/wp-json\/wp\/v2\/comments?post=2"}],"version-history":[{"count":12,"href":"https:\/\/www.pasonoroeste.com\/blog\/wp-json\/wp\/v2\/pages\/2\/revisions"}],"predecessor-version":[{"id":5593,"href":"https:\/\/www.pasonoroeste.com\/blog\/wp-json\/wp\/v2\/pages\/2\/revisions\/5593"}],"wp:attachment":[{"href":"https:\/\/www.pasonoroeste.com\/blog\/wp-json\/wp\/v2\/media?parent=2"}],"curies":[{"name":"wp","href":"https:\/\/api.w.org\/{rel}","templated":true}]}}